{"id":161,"date":"2020-02-17T14:59:59","date_gmt":"2020-02-17T14:59:59","guid":{"rendered":"http:\/\/bizix.premiumthemes.in\/?page_id=161"},"modified":"2021-11-08T03:40:26","modified_gmt":"2021-11-08T06:40:26","slug":"empresa","status":"publish","type":"page","link":"https:\/\/grupozucatelli.com.br\/lstractor\/empresa\/","title":{"rendered":"Empresa"},"content":{"rendered":"\t\t<div data-elementor-type=\"wp-page\" data-elementor-id=\"161\" class=\"elementor elementor-161\">\n\t\t\t\t\t\t<section class=\"elementor-section elementor-top-section elementor-element elementor-element-31e82332 elementor-section-stretched elementor-section-boxed elementor-section-height-default elementor-section-height-default\" data-id=\"31e82332\" data-element_type=\"section\" data-e-type=\"section\" data-settings=\"{&quot;stretch_section&quot;:&quot;section-stretched&quot;,&quot;background_background&quot;:&quot;classic&quot;}\">\n\t\t\t\t\t\t\t<div class=\"elementor-background-overlay\"><\/div>\n\t\t\t\t\t\t\t<div class=\"elementor-container elementor-column-gap-no\">\n\t\t\t\t\t<div class=\"elementor-column elementor-col-100 elementor-top-column elementor-element elementor-element-798f6e0f\" data-id=\"798f6e0f\" data-element_type=\"column\" data-e-type=\"column\">\n\t\t\t<div class=\"elementor-widget-wrap elementor-element-populated\">\n\t\t\t\t\t\t<section class=\"elementor-section elementor-inner-section elementor-element elementor-element-1ac58d8e elementor-section-boxed elementor-section-height-default elementor-section-height-default\" data-id=\"1ac58d8e\" data-element_type=\"section\" data-e-type=\"section\">\n\t\t\t\t\t\t<div class=\"elementor-container elementor-column-gap-no\">\n\t\t\t\t\t<div class=\"elementor-column elementor-col-50 elementor-inner-column elementor-element elementor-element-79e1b852\" data-id=\"79e1b852\" data-element_type=\"column\" data-e-type=\"column\">\n\t\t\t<div class=\"elementor-widget-wrap elementor-element-populated\">\n\t\t\t\t\t\t<div class=\"elementor-element elementor-element-172b71bb gyan-title-st-line-after gyan-title-desc-left elementor-widget elementor-widget-gyan_title\" data-id=\"172b71bb\" data-element_type=\"widget\" data-e-type=\"widget\" data-widget_type=\"gyan_title.default\">\n\t\t\t\t<div class=\"elementor-widget-container\">\n\t\t\t\t\t\t\t<div class=\"gyan-title\">\r\n\t\t\t<div class=\"gyan-title-subtitle\"><span>Quem somos<\/span><\/div><h2 class=\"gyan-title-heading\">LS Tractor Zucatelli<\/h2><div class=\"gyan-title-desc\">A LS Mtron iniciou as suas atividades agr\u00edcolas em 1976, como um grupo da fam\u00edlia LG, na Cor\u00e9ia, e tem se destacado no seu territ\u00f3rio como a empresa l\u00edder no neg\u00f3cio de m\u00e1quinas e componentes eletr\u00f4nicos. A empresa \u00e9 parte do grupo LS - o 13\u00ba maior grupo empresarial da Cor\u00e9ia do Sul com vendas anuais acima de 30 bilh\u00f5es de d\u00f3lares e com mais de 21 mil funcion\u00e1rios em todo o mundo.\n\nEla ganhou boa reputa\u00e7\u00e3o pela sua alta qualidade e tecnologia em grandes mercados.\n\nA LS Mtron continua a ir em frente, em dire\u00e7\u00e3o a um futuro de abund\u00e2ncia para o nosso cliente.\n\nA Divis\u00e3o de M\u00e1quinas Agr\u00edcolas da LS Mtron tem tecnologia para produzir os tratores mais avan\u00e7ados de suas categorias, com capacidade anual de produ\u00e7\u00e3o de 50,000 unidades em suas f\u00e1bricas na Cor\u00e9ia do Sul, no Brasil e na China.<\/div>\t\t<\/div>\r\n\t\t\t\t\t\t<\/div>\n\t\t\t\t<\/div>\n\t\t\t\t\t<\/div>\n\t\t<\/div>\n\t\t\t\t<div class=\"elementor-column elementor-col-50 elementor-inner-column elementor-element elementor-element-4803081c\" data-id=\"4803081c\" data-element_type=\"column\" data-e-type=\"column\">\n\t\t\t<div class=\"elementor-widget-wrap elementor-element-populated\">\n\t\t\t\t\t\t<div class=\"elementor-element elementor-element-1ff6e9a7 elementor-widget elementor-widget-image\" data-id=\"1ff6e9a7\" data-element_type=\"widget\" data-e-type=\"widget\" data-widget_type=\"image.default\">\n\t\t\t\t<div class=\"elementor-widget-container\">\n\t\t\t\t\t\t\t\t\t\t\t\t\t\t\t<img fetchpriority=\"high\" decoding=\"async\" width=\"700\" height=\"472\" src=\"https:\/\/grupozucatelli.com.br\/lstractor\/wp-content\/uploads\/sites\/9\/2021\/11\/1-3.png\" class=\"attachment-full size-full wp-image-3261\" alt=\"\" srcset=\"https:\/\/grupozucatelli.com.br\/lstractor\/wp-content\/uploads\/sites\/9\/2021\/11\/1-3.png 700w, https:\/\/grupozucatelli.com.br\/lstractor\/wp-content\/uploads\/sites\/9\/2021\/11\/1-3-300x202.png 300w\" sizes=\"(max-width: 700px) 100vw, 700px\" \/>\t\t\t\t\t\t\t\t\t\t\t\t\t\t\t<\/div>\n\t\t\t\t<\/div>\n\t\t\t\t\t<\/div>\n\t\t<\/div>\n\t\t\t\t\t<\/div>\n\t\t<\/section>\n\t\t\t\t\t<\/div>\n\t\t<\/div>\n\t\t\t\t\t<\/div>\n\t\t<\/section>\n\t\t\t\t<\/div>\n\t\t","protected":false},"excerpt":{"rendered":"<p>Quem somos LS Tractor Zucatelli A LS Mtron iniciou as suas atividades agr\u00edcolas em 1976, como um grupo da fam\u00edlia LG, na Cor\u00e9ia, e tem se destacado no seu territ\u00f3rio como a empresa l\u00edder no neg\u00f3cio de m\u00e1quinas e componentes eletr\u00f4nicos. A empresa \u00e9 parte do grupo LS &#8211; o [&hellip;]<\/p>\n","protected":false},"author":1,"featured_media":0,"parent":0,"menu_order":0,"comment_status":"closed","ping_status":"closed","template":"elementor_header_footer","meta":{"footnotes":""},"class_list":["post-161","page","type-page","status-publish","hentry"],"_links":{"self":[{"href":"https:\/\/grupozucatelli.com.br\/lstractor\/wp-json\/wp\/v2\/pages\/161","targetHints":{"allow":["GET"]}}],"collection":[{"href":"https:\/\/grupozucatelli.com.br\/lstractor\/wp-json\/wp\/v2\/pages"}],"about":[{"href":"https:\/\/grupozucatelli.com.br\/lstractor\/wp-json\/wp\/v2\/types\/page"}],"author":[{"embeddable":true,"href":"https:\/\/grupozucatelli.com.br\/lstractor\/wp-json\/wp\/v2\/users\/1"}],"replies":[{"embeddable":true,"href":"https:\/\/grupozucatelli.com.br\/lstractor\/wp-json\/wp\/v2\/comments?post=161"}],"version-history":[{"count":8,"href":"https:\/\/grupozucatelli.com.br\/lstractor\/wp-json\/wp\/v2\/pages\/161\/revisions"}],"predecessor-version":[{"id":3265,"href":"https:\/\/grupozucatelli.com.br\/lstractor\/wp-json\/wp\/v2\/pages\/161\/revisions\/3265"}],"wp:attachment":[{"href":"https:\/\/grupozucatelli.com.br\/lstractor\/wp-json\/wp\/v2\/media?parent=161"}],"curies":[{"name":"wp","href":"https:\/\/api.w.org\/{rel}","templated":true}]}}